{"id":476,"date":"2018-02-09T18:12:58","date_gmt":"2018-02-09T20:12:58","guid":{"rendered":"http:\/\/localhost\/drmarcosreis-cirurgiabariatrica\/?page_id=476"},"modified":"2018-03-08T07:48:45","modified_gmt":"2018-03-08T10:48:45","slug":"saiba-mais","status":"publish","type":"page","link":"https:\/\/www.drmarcosreis.com.br\/cirurgiabariatrica\/saiba-mais\/","title":{"rendered":"Baixe o Manual!"},"content":{"rendered":"<p><img loading=\"lazy\" decoding=\"async\" class=\"size-medium wp-image-589 img-responsive alignleft\" src=\"http:\/\/www.drmarcosreis.com.br\/cirurgiabariatrica\/wp-content\/uploads\/sites\/2\/2018\/03\/Captura-de-Tela-2018-03-08-\u00e0s-07.45.54-258x300.png\" alt=\"\" width=\"258\" height=\"300\" srcset=\"https:\/\/www.drmarcosreis.com.br\/cirurgiabariatrica\/wp-content\/uploads\/sites\/2\/2018\/03\/Captura-de-Tela-2018-03-08-\u00e0s-07.45.54-258x300.png 258w, https:\/\/www.drmarcosreis.com.br\/cirurgiabariatrica\/wp-content\/uploads\/sites\/2\/2018\/03\/Captura-de-Tela-2018-03-08-\u00e0s-07.45.54.png 458w\" sizes=\"auto, (max-width: 258px) 100vw, 258px\" \/><\/p>\n<p>Apesar de ter se tornado popular, a cirurgia bari\u00e1trica \u00e9 <a href=\"http:\/\/localhost\/drmarcosreis-cirurgiabariatrica\/indicacoes\/\">indicada em casos espec\u00edficos de pacientes que atendem a alguns pr\u00e9-requisitos<\/a>, o que exige cautela tanto dos m\u00e9dicos quanto dos pacientes na hora da decis\u00e3o.<\/p>\n<p>Pensando em tudo isso, foi desenvolvido este manual do paciente de cirurgia bari\u00e1trica, que tem como objetivo orientar os candidatos a esse tipo de <a href=\"http:\/\/localhost\/drmarcosreis-cirurgiabariatrica\/procedimentos\/\">procedimento<\/a>.<\/p>\n<p>Neste manual, s\u00e3o descritas <a href=\"http:\/\/localhost\/drmarcosreis-cirurgiabariatrica\/indicacoes\/\">as etapas de diagn\u00f3stico e classifica\u00e7\u00e3o da obesidade<\/a>, o porqu\u00ea do tratamento, as indica\u00e7\u00f5es e contraindica\u00e7\u00f5es da cirurgia, a avalia\u00e7\u00e3o pr\u00e9-operat\u00f3ria,<a href=\"http:\/\/localhost\/drmarcosreis-cirurgiabariatrica\/procedimentos\/\">as t\u00e9cnicas empregadas (assim como suas vantagens e desvantagens)<\/a>, as poss\u00edveis complica\u00e7\u00f5es decorrentes do procedimento e, por fim, <a href=\"http:\/\/localhost\/drmarcosreis-cirurgiabariatrica\/pos-operatorio\/\">a rotina p\u00f3s-operat\u00f3ria<\/a>.<\/p>\n<p>Este documento deve servir como complemento \u00e0s informa\u00e7\u00f5es que voc\u00ea receber\u00e1 do seu m\u00e9dico durante o atendimento. Nossa equipe de especialistas est\u00e1 de prontid\u00e3o para trat\u00e1-lo e auxili\u00e1-lo durante todo o processo, al\u00e9m, \u00e9 claro, de <a href=\"http:\/\/localhost\/drmarcosreis-cirurgiabariatrica\/contato\/\">solucionar as eventuais d\u00favidas.<\/a><\/p>\n","protected":false},"excerpt":{"rendered":"<p>Apesar de ter se tornado popular, a cirurgia bari\u00e1trica \u00e9 indicada em casos espec\u00edficos de pacientes que atendem a alguns pr\u00e9-requisitos, o que exige cautela tanto dos m\u00e9dicos quanto dos pacientes na hora da decis\u00e3o. Pensando em tudo isso, foi desenvolvido este manual do paciente de cirurgia bari\u00e1trica, que tem como objetivo orientar os candidatos [&hellip;]<\/p>\n","protected":false},"author":1,"featured_media":484,"parent":0,"menu_order":0,"comment_status":"closed","ping_status":"closed","template":"","meta":{"_acf_changed":false,"footnotes":""},"class_list":["post-476","page","type-page","status-publish","has-post-thumbnail","hentry"],"acf":[],"_links":{"self":[{"href":"https:\/\/www.drmarcosreis.com.br\/cirurgiabariatrica\/wp-json\/wp\/v2\/pages\/476","targetHints":{"allow":["GET"]}}],"collection":[{"href":"https:\/\/www.drmarcosreis.com.br\/cirurgiabariatrica\/wp-json\/wp\/v2\/pages"}],"about":[{"href":"https:\/\/www.drmarcosreis.com.br\/cirurgiabariatrica\/wp-json\/wp\/v2\/types\/page"}],"author":[{"embeddable":true,"href":"https:\/\/www.drmarcosreis.com.br\/cirurgiabariatrica\/wp-json\/wp\/v2\/users\/1"}],"replies":[{"embeddable":true,"href":"https:\/\/www.drmarcosreis.com.br\/cirurgiabariatrica\/wp-json\/wp\/v2\/comments?post=476"}],"version-history":[{"count":3,"href":"https:\/\/www.drmarcosreis.com.br\/cirurgiabariatrica\/wp-json\/wp\/v2\/pages\/476\/revisions"}],"predecessor-version":[{"id":591,"href":"https:\/\/www.drmarcosreis.com.br\/cirurgiabariatrica\/wp-json\/wp\/v2\/pages\/476\/revisions\/591"}],"wp:featuredmedia":[{"embeddable":true,"href":"https:\/\/www.drmarcosreis.com.br\/cirurgiabariatrica\/wp-json\/"}],"wp:attachment":[{"href":"https:\/\/www.drmarcosreis.com.br\/cirurgiabariatrica\/wp-json\/wp\/v2\/media?parent=476"}],"curies":[{"name":"wp","href":"https:\/\/api.w.org\/{rel}","templated":true}]}}