{"id":209,"date":"2018-02-02T17:58:37","date_gmt":"2018-02-02T19:58:37","guid":{"rendered":"http:\/\/localhost\/cirurgiabariatrica\/?page_id=209"},"modified":"2018-03-08T19:28:08","modified_gmt":"2018-03-08T22:28:08","slug":"o-que-e","status":"publish","type":"page","link":"https:\/\/www.drmarcosreis.com.br\/cirurgiabariatrica\/o-que-e\/","title":{"rendered":"O que \u00e9 cirurgia bari\u00e1trica"},"content":{"rendered":"<p><img loading=\"lazy\" decoding=\"async\" class=\"img-thumbnail alignright wp-image-513\" src=\"http:\/\/www.drmarcosreis.com.br\/cirurgiabariatrica\/wp-content\/uploads\/sites\/2\/2018\/03\/o-que-e-257x300.jpg\" alt=\"O que \u00e9 cirurgia bari\u00e1trica\" width=\"350\" height=\"408\" srcset=\"https:\/\/www.drmarcosreis.com.br\/cirurgiabariatrica\/wp-content\/uploads\/sites\/2\/2018\/03\/o-que-e-257x300.jpg 257w, https:\/\/www.drmarcosreis.com.br\/cirurgiabariatrica\/wp-content\/uploads\/sites\/2\/2018\/03\/o-que-e.jpg 600w\" sizes=\"auto, (max-width: 350px) 100vw, 350px\" \/><br \/>\nCirurgia bari\u00e1trica, tamb\u00e9m conhecida como cirurgia de redu\u00e7\u00e3o de est\u00f4mago ou cirurgia de obesidade, \u00e9 atualmente a op\u00e7\u00e3o mais eficaz no tratamento da obesidade grave. Existem alguns <strong>procedimentos<\/strong> que recebem esse nome, sendo os mais utilizados em todo o mundo o &#8220;Bypass&#8221; G\u00e1strico ou Gastroplastia com desvio intestinal em &#8220;Y de Roux&#8221; (anteriormente chamado de gastroplastia a Fobi-Capella) e o &#8220;Sleeve&#8221; ou Gastrectomia Vertical. De maneira geral, estas opera\u00e7\u00f5es reduzem o tamanho do est\u00f4mago, limitando a quantidade de alimentos que o paciente consegue ingerir. Estas cirurgias tamb\u00e9m reduzem a absor\u00e7\u00e3o de alimentos e interferem em mecanismos hormonais reduzindo a fome e favorecendo a saciedade. Estes procedimentos s\u00e3o considerados<strong> Cirurgias Metab\u00f3licas<\/strong>, pois alteram o metabolismo do organismo, sendo uma estrat\u00e9gia eficaz na cura de algumas formas de Diabetes.<\/p>\n<p>Os pacientes submetidos a cirurgia bari\u00e1trica costumam perder de 35% a 45% de seu peso inicial em um per\u00edodo m\u00e9dio de 2 anos. Estes resultados, por\u00e9m, s\u00e3o extremamente dependentes do comprometimento do paciente com o tratamento, ades\u00e3o \u00e0s orienta\u00e7\u00f5es da equipe cir\u00fargica e da frequ\u00eancia \u00e0s consultas p\u00f3s-operat\u00f3rias com a equipe.<\/p>\n<p>Atualmente todas as cirurgias bari\u00e1tricas e metab\u00f3licas s\u00e3o realizadas por <strong>via laparosc\u00f3pica<\/strong>, t\u00e9cnica menos traum\u00e1tica que dispensa a abertura do abdome e que permite um p\u00f3s-operat\u00f3rio mais confort\u00e1vel, reduzindo riscos e o tempo de interna\u00e7\u00e3o hospitalar.<\/p>\n","protected":false},"excerpt":{"rendered":"<p>Cirurgia bari\u00e1trica, tamb\u00e9m conhecida como cirurgia de redu\u00e7\u00e3o de est\u00f4mago ou cirurgia de obesidade, \u00e9 atualmente a op\u00e7\u00e3o mais eficaz no tratamento da obesidade grave. Existem alguns procedimentos que recebem esse nome, sendo os mais utilizados em todo o mundo o &#8220;Bypass&#8221; G\u00e1strico ou Gastroplastia com desvio intestinal em &#8220;Y de Roux&#8221; (anteriormente chamado de [&hellip;]<\/p>\n","protected":false},"author":1,"featured_media":513,"parent":0,"menu_order":0,"comment_status":"closed","ping_status":"closed","template":"","meta":{"_acf_changed":false,"footnotes":""},"class_list":["post-209","page","type-page","status-publish","has-post-thumbnail","hentry"],"acf":[],"_links":{"self":[{"href":"https:\/\/www.drmarcosreis.com.br\/cirurgiabariatrica\/wp-json\/wp\/v2\/pages\/209","targetHints":{"allow":["GET"]}}],"collection":[{"href":"https:\/\/www.drmarcosreis.com.br\/cirurgiabariatrica\/wp-json\/wp\/v2\/pages"}],"about":[{"href":"https:\/\/www.drmarcosreis.com.br\/cirurgiabariatrica\/wp-json\/wp\/v2\/types\/page"}],"author":[{"embeddable":true,"href":"https:\/\/www.drmarcosreis.com.br\/cirurgiabariatrica\/wp-json\/wp\/v2\/users\/1"}],"replies":[{"embeddable":true,"href":"https:\/\/www.drmarcosreis.com.br\/cirurgiabariatrica\/wp-json\/wp\/v2\/comments?post=209"}],"version-history":[{"count":3,"href":"https:\/\/www.drmarcosreis.com.br\/cirurgiabariatrica\/wp-json\/wp\/v2\/pages\/209\/revisions"}],"predecessor-version":[{"id":593,"href":"https:\/\/www.drmarcosreis.com.br\/cirurgiabariatrica\/wp-json\/wp\/v2\/pages\/209\/revisions\/593"}],"wp:featuredmedia":[{"embeddable":true,"href":"https:\/\/www.drmarcosreis.com.br\/cirurgiabariatrica\/wp-json\/wp\/v2\/media\/513"}],"wp:attachment":[{"href":"https:\/\/www.drmarcosreis.com.br\/cirurgiabariatrica\/wp-json\/wp\/v2\/media?parent=209"}],"curies":[{"name":"wp","href":"https:\/\/api.w.org\/{rel}","templated":true}]}}